.
53
Let o(l) = 173*l - 4871. Calculate o(27).
-200
Let l(q) = q**2 - 617*q + 44174. Calculate l(85).
-1046
Let k(w) = -9310*w**2 - 37212*w + 56. What is k(-4)?
-56
Let p(k) = -2*k**2 - 5390*k + 37722. Calculate p(7).
-106
Let x(d) = -14*d**3 - 12011*d**2 + 863*d + 4298. Give x(-858).
8
Let t(h) = -3*h**3 + 7*h**2 - 992*h + 2993. What is t(3)?
-1
Let t(w) = 5*w**2 - 10531*w + 94350. Calculate t(9).
-24
Let i(x) = -564075*x - 1692231. Give i(-3).
-6
Let k(c) = -2954*c**2 + 29529*c + 75. Give k(10).
-35
Let z(o) = -o**3 - 250*o**2 - 1697*o + 985. Determine z(-243).
13
Let r(l) = -15*l**2 - 20*l + 133. Calculate r(-7).
-462
Let m(k) = 37*k**2 - 5457*k + 18647. Calculate m(144).
71
Let j(x) = 325*x - 2359. Calculate j(2).
-1709
Let f(z) = 2*z**3 - 64*z**2 + 182*z - 1167. Determine f(30).
693
Let k(o) = o**3 + 172*o**2 + 216*o + 7611. Determine k(-171).
-84
Let j(d) = -d**3 + 466*d**2 + 1691*d - 1426045. Calculate j(463).
-5
Let r(y) = 3*y**2 + 290*y - 2990. Determine r(-109).
1043
Let y(v) = 6*v**3 - 83*v**2 - 196*v + 2443. Calculate y(13).
-950
Let h(s) = -s**3 - 279*s**2 - 19434*s + 267. Give h(-144).
-597
Let p(d) = d**3 + 116*d**2 + 334*d - 532. Determine p(-113).
33
Let c(z) = -4*z**2 - 963*z - 962. Calculate c(-1).
-3
Let s(v) = 2*v**3 - 44*v**2 + 280*v - 6939. Calculate s(24).
2085
Let f(h) = h**2 + 447*h + 46776. Give f(-280).
16
Let r(k) = -58*k - 6966. Calculate r(-110).
-586
Let y(c) = 188*c - 39476. Determine y(210).
4
Let a(f) = f**2 + 2598*f - 15653. Give a(6).
-29
Let p(o) = 9*o**3 + 1428*o**2 - 451*o + 4140. Give p(-159).
6
Let c(d) = 2635*d + 895895. Give c(-340).
-5
Let v(x) = x**3 + 152*x**2 + 123*x - 4218. Determine v(-151).
10
Let g(y) = 1066*y + 3951. Give g(-4).
-313
Let k(u) = -3*u**3 - 108*u**2 - 406*u - 115. Give k(-4).
-27
Let a(c) = 431*c**3 - 2*c**2 + 10*c + 10. Give a(-1).
-433
Let z(v) = -24*v**2 - 569*v - 829. Give z(-22).
73
Let n(r) = -3*r**2 - 66*r + 3816. Give n(35).
-2169
Let c(d) = -5*d**3 + 1494*d**2 + 15765*d - 1997. Determine c(309).
-143
Let v(m) = 27*m**2 - 1101*m - 479. Calculate v(40).
-1319
Let k(i) = 28*i**2 - 178*i + 250. What is k(2)?
6
Let q(i) = 113*i**2 - 317*i - 5. Calculate q(0).
-5
Let c(n) = 96653*n - 2513002. Calculate c(26).
-24
Let d(p) = -4*p - 113. Give d(-17).
-45
Let a(m) = m**2 - 15191*m - 1252413. Calculate a(-82).
-27
Let m(s) = 3781*s + 302467. Give m(-80).
-13
Let h(p) = 4*p**2 - 309*p + 1821. What is h(74)?
859
Let g(h) = h**3 + h**2 - 351*h - 1373. Determine g(-4).
-17
Let n(t) = -t**2 - 260*t - 12711. Determine n(-194).
93
Let n(d) = -3*d**2 + 349*d + 8987. What is n(138)?
17
Let o(y) = 13*y**2 + 490*y + 54. Give o(-38).
206
Let b(a) = a**3 + 59*a**2 - 47*a + 778. What is b(-60)?
-2
Let z(x) = 146282*x - 1609108. Give z(11).
-6
Let z(c) = 2191688*c - 10958441. Determine z(5).
-1
Let z(n) = -2*n**3 - 109*n**2 + 350*n - 60. Determine z(3).
-45
Let r(l) = l**3 - 101*l**2 + 110*l - 418. Determine r(100).
582
Let n(t) = 7583*t - 136199. Give n(18).
295
Let h(t) = 27*t**3 + 197*t**2 - 9*t - 25. Determine h(-7).
430
Let v(f) = f**2 - 9254*f + 1150095. What is v(126)?
-33
Let x(p) = 41*p**3 + 7259*p**2 + 343*p - 1913. Determine x(-177).
34
Let d(t) = -3*t**2 - 766154*t - 4596820. Determine d(-6).
-4
Let d(c) = 4*c**3 - 99*c - 12. Calculate d(0).
-12
Let l(w) = -3174*w + 78537. Determine l(24).
2361
Let w(d) = -1633*d + 249646. Calculate w(153).
-203
Let j(p) = -p**3 - 55*p - 242. Calculate j(-6).
304
Let p(b) = -1640*b + 208317. Calculate p(127).
37
Let j(b) = -6498*b + 67. Determine j(0).
67
Let u(w) = -262*w**2 - 10931*w - 45765. Give u(-37).
4
Let h(g) = 535*g**2 + 3543*g + 64. What is h(-7)?
1478
Let j(v) = 1000*v - 5686. What is j(4)?
-1686
Let n(j) = -20317*j - 54510508. Determine n(-2683).
3
Let y(m) = -10390*m + 62337. Determine y(6).
-3
Let q(o) = -8095*o + 16727. Give q(2).
537
Let g(q) = -2461*q + 7402. What is g(3)?
19
Let x(g) = -3*g**2 - 75*g + 1638. Give x(14).
0
Let x(w) = -8*w**2 + 1653*w + 9039. What is x(212)?
-77
Let y(j) = 1240*j - 55640. What is y(45)?
160
Let f(y) = -y**3 - 67*y**2 - 973*y + 279. What is f(-22)?
-95
Let l(p) = 3018*p + 552299. Give l(-183).
5
Let n(j) = 3*j**2 + 72331*j - 289346. Determine n(4).
26
Let t(f) = -92270*f + 17439043. Calculate t(189).
13
Let h(q) = -222*q**2 + 3988*q + 92. Calculate h(18).
-52
Let f(g) = -3*g**3 + 97*g**2 - 34*g - 128. Determine f(32).
-192
Let s(y) = 319*y + 79110. What is s(-248)?
-2
Let c(u) = 122*u - 1705. Determine c(14).
3
Let w(u) = -658*u + 1927. What is w(3)?
-47
Let o(i) = -11122*i - 344804. Calculate o(-31).
-22
Let v(n) = -22323*n + 37569616. Give v(1683).
7
Let f(m) = 2*m**2 + 5833*m + 23315. Give f(-4).
15
Let l(a) = -2*a**3 + 2116*a**2 - 3930*a - 310461. What is l(1056)?
3
Let c(t) = t**2 + 44*t + 524. Give c(-22).
40
Let w(v) = -27*v**2 - 2234*v + 15698. Determine w(7).
-1263
Let z(m) = -4*m**3 + 12*m**2 + 77*m + 232. Calculate z(7).
-13
Let t(w) = w**3 - 48*w**2 - 4892*w - 117. Calculate t(98).
667
Let b(p) = 1002*p - 61968. Give b(62).
156
Let b(d) = 2*d**3 + 36*d**2 + 3*d + 77. Calculate b(-18).
23
Let n(b) = b**3 + 18*b**2 - 1513*b + 197. What is n(-49)?
-97
Let r(q) = -6*q**2 - 971*q - 23600. Give r(-132).
28
Let u(t) = -147*t**2 + 4*t - 193. Give u(5).
-3848
Let i(m) = -m**3 - 79*m**2 - 137*m - 611. Give i(-77).
-1920
Let n(z) = -z**3 - 38*z**2 + 136*z + 9826. Give n(-33).
-107
Let c(g) = g**2 + 26465*g - 52933. Give c(2).
1
Let t(f) = 54*f**2 - 694*f - 90. Determine t(10).
-1630
Let o(r) = -118*r**3 + 291*r**2 - 22*r + 51. Give o(2).
227
Let p(j) = -4*j**3 + 121*j**2 - 357*j - 66. Calculate p(27).
-228
Let v(d) = -10*d**2 + 908*d + 6378. What is v(-7)?
-468
Let u(n) = -n**3 - 12*n**2 - 22*n + 554. What is u(-9)?
509
Let h(j) = 6*j**2 + 99*j - 20314. Determine h(-67).
-13
Let o(m) = 5120*m - 527366. Determine o(103).
-6
Let q(c) = -3*c**2 - 1184*c - 115917. Determine q(-215).
-32
Let i(r) = 21193*r + 60149. What is i(-3)?
-3430
Let i(j) = 6*j**3 - 167*j**2 + 71*j - 2759. Calculate i(28).
13
Let f(m) = 6*m**2 - 2165*m - 26855. Give f(-12).
-11
Let g(n) = 5124*n - 271523. Give g(53).
49
Let k(y) = 3*y**3 - 2*y**2 - 67*y - 354. What is k(-5)?
-444
Let y(b) = -b**3 + 52*b**2 + 762*b - 4323. Give y(63).
24
Let p(q) = 9*q**3 + 910*q**2 - 109*q - 21269. Give p(-101).
-59
Let n(z) = -286794*z - 3441517. Calculate n(-12).
11
Let h(s) = -28*s**2 + 1495*s + 665. Determine h(55).
-1810
Let l(w) = 3*w**3 + 231*w**2 + 4356*w. Give l(-44).
0
Let o(j) = j**2 - 2703*j - 73570. Determine o(-27).
140
Let b(f) = 7*f**2 - 3974*f + 31354. What is b(8)?
10
Let v(i) = i**2 + 85*i - 1039. Give v(-96).
17
Let d(n) = -n**2 - 744*n - 14603. What is d(-20)?
-123
Let b(l) = -17517*l + 210474. Calculate b(12).
270
Let r(o) = 2758*o + 79972. Calculate r(-29).
-10
Let x(j) = 4*j**3 - 507*j**2 + 878*j - 406. Give x(125).
-31
Let a(x) = -x**2 - 1027*x + 494060. What is a(357)?
-28
Let i(b) = 165494*b + 165492. What is i(-1)?
-2
Let p(v) = -2*v**3 + 44*v**2 - 26*v - 62. Calculate p(21).
274
Let r(y) = -76206*y - 304823. Calculate r(-4).
1
Let k(o) = -41*o - 4684. Determine k(-118).
154
Let q(l) = -2376*l + 92643. Give q(39).
-21
Let d(a) = 14692*a + 3819923. Give d(-260).
3
Let u(j) = -j**2 + 972*j + 5842. What is u(-6)?
-26
Let t(w) = -w**2 - 774*w - 4873. Determine t(-6).
-265
Let o(u) = 2*u**3 + 116*u**2 + 28*u + 1654. Give o(-58).
30
Let q(l) = 1062*l - 540. Give q(1).
522
Let s(i) = i**3 + 9*i**2 - 99*i - 126. What is s(-15)?
9
Let l(t) = -t**3 + 68*t**2 + 223*t - 1131. Determine l(71).
-421
Let y(o) = -72*o + 3564. Determine y(33).
1188
Let r(z) = -z**2 - 17186*z + 154771. Determine r(9).
16
Let z(t) = t**2 + 1119*t + 50380. Calculate z(-47).
-4
Let j(s) = -944261*s + 4721304. What is j(5)?
-1
Let m(d) = -d**2 + 7424*d - 199820. Determine m(27).
-101
Let g(x) = -x**3 - 76*x**2 + 78*x + 456. Determine g(-77).
379
Let p(s) = s**3 - 6924*s**2 + 34590*s + 26. Calculate p(5).
1
Let r(m) = m**2 - 595*m - 27611. What is r(-43)?
-177
Let a(f) = -2386*f**2 - 38173*f + 57. Give a(-16).
9
Let h(j) = -j**3 - 63*j**2 + 1500*j + 96843. What is h(-62)?
-1
Let w(g) = -193*g + 15856. Give w(82).
30
Let h(r) = -3*r**2 - 1276*r + 5156. What is h(4)?
4
Let d(k) = -2*k**3 + 32*k**2 - 94*k - 114. What is d(11)?
62
Let i(m) = -2*m**2 + 952*m 